2203
Convert -41124233 (base 5) to base 9.
-556785
13132154 (base 6) to base 5
102311240
What is 111111110110010011011 (base 2) in base 6?
112502015
Convert -153748 (base 9) to base 2.
-10111000110111100
What is -17b253 (base 15) in base 6?
-40402323
What is -15563714 (base 9) in base 6?
-434411104
-3648a (base 11) to base 6
-1043003
Convert -3021001020 (base 4) to base 15.
-113e63
Convert 1044324 (base 5) to base 2.
100100100011010
Convert -10010110001000000000011 (base 2) to base 12.
-1792997
Convert -22024214 (base 5) to base 15.
-3b159
What is 12771174 (base 8) in base 6?
141421524
What is -64c74b (base 14) in base 7?
-41012124
-30399 (base 12) to base 16
-f525
Convert 112112212001 (base 3) to base 16.
45eb6
-1100011101111111100 (base 2) to base 12
-178538
What is -415791 (base 11) in base 13?
-1a4462
What is -12112100212 (base 3) in base 5?
-11441022
Convert -494643a (base 11) to base 4.
-200310102130
What is -644724 (base 11) in base 16?
-fbb9b
-602a7 (base 14) to base 5
-24343120
Convert -100000101101110000110 (base 2) to base 11.
-672461
137b125 (base 12) to base 4
32313113231
What is 219b3b (base 13) in base 10?
792829
Convert -53532032 (base 6) to base 2.
-110000010011100010100
Convert 1042601 (base 7) to base 11.
88387
What is -15743340 (base 10) in base 6?
-1321233500
1010100010110111010110 (base 2) to base 14
51d542
Convert -1010100111011100100 (base 2) to base 4.
-1110323210
What is -1b3ed (base 15) in base 16?
-15a48
What is 1241031 (base 5) in base 15?
73e6
Convert -891220 (base 10) to base 9.
-1607464
Convert 101101000111001101000 (base 2) to base 8.
5507150
What is 9736b (base 16) in base 2?
10010111001101101011
What is -52720 (base 9) in base 10?
-34848
Convert -10457 (base 14) to base 8.
-114555
What is 1123022003 (base 4) in base 8?
1331203
Convert -1021601 (base 9) to base 15.
-abaa4
What is -1011100010111000111 (base 2) in base 7?
-3133643
-130021123 (base 4) to base 3
-12212011001
What is 131145504 (base 6) in base 11?
1502691
286061 (base 10) to base 9
475355
What is -1ca277d (base 14) in base 8?
-66653233
What is 4387791 (base 10) in base 7?
52203252
Convert 32322322 (base 4) to base 16.
eeba
3500a5 (base 13) to base 4
10302311303
What is -c0441 (base 15) in base 6?
-21012541
Convert 2313001 (base 6) to base 14.
31305
Convert 67b1ab (base 14) to base 11.
1a99477
1101001000110110100100 (base 2) to base 12
11a1170
What is 2917491 (base 10) in base 6?
142310523
What is -65242004 (base 7) in base 8?
-25205443
-299350 (base 10) to base 15
-5da6a
Convert -2302501 (base 9) to base 12.
-4ba831
What is 704ca (base 13) in base 8?
610101
-15305643 (base 8) to base 2
-1101011000101110100011
What is 124102331 (base 6) in base 8?
11222617
What is -1100101001101001011100 (base 2) in base 5?
-1322110231
Convert -c9893 (base 14) to base 7.
-4066643
Convert 4201502 (base 6) to base 5.
22440244
10225205 (base 7) to base 15
120e02
-34120124 (base 7) to base 8
-13232725
13320414 (base 5) to base 13
49a21
Convert -1214344402 (base 5) to base 15.
-3c0837
-3502014 (base 7) to base 2
-1101010110110101111
Convert 1413451 (base 6) to base 5.
10024004
What is 2010122111122 (base 3) in base 13?
309620
What is -31300223 (base 4) in base 8?
-156053
126415 (base 14) to base 2
10011010010001110011
Convert -6c478 (base 14) to base 9.
-442512
What is -130211132212 (base 4) in base 3?
-112002201012121
What is -94822 (base 14) in base 10?
-358318
What is -443341 (base 5) in base 4?
-3301233
-33020021 (base 4) to base 14
-1881b
30243605 (base 7) to base 6
125524155
-5101231 (base 7) to base 13
-1827c1
Convert -46a9d (base 16) to base 12.
-11b5b9
Convert -33815 (base 14) to base 6.
-2403003
-76a3 (base 15) to base 3
-1021110200
125571 (base 11) to base 10
197671
What is 3abb52 (base 13) in base 5?
331104312
Convert -54409 (base 10) to base 6.
-1055521
-110222110211210 (base 3) to base 7
-112430664
What is -1303400 (base 6) in base 3?
-10121002100
What is -1a171e (base 15) in base 7?
-13541246
-3203266 (base 7) to base 8
-1365230
-291c79 (base 13) to base 12
-404bb4
-369a7 (base 13) to base 5
-11204043
What is -7fb44 (base 16) in base 9?
-876465
Convert -102313310132 (base 4) to base 16.
-4b7d1e
What is -2437004 (base 9) in base 2?
-101000011001101011100
Convert -9479 (base 12) to base 3.
-211020210
What is 126052 (base 8) in base 16?
ac2a
What is -212011110122020 (base 3) in base 4?
-232331220300
3c9c01 (base 14) to base 9
3852654
What is -185031 (base 15) in base 14?
-22a704
Convert -20435253 (base 7) to base 14.
-32c09a
-611427 (base 8) to base 15
-3ea80
2d847 (base 16) to base 2
101101100001000111
Convert -132348 (base 10) to base 7.
-1060566
30103312 (base 4) to base 16
c4f6
-5bc040 (base 15) to base 3
-22021020212020
What is 2164325 (base 7) in base 9?
447622
-564928 (base 14) to base 16
-2cbea8
What is 15071036 (base 8) in base 11?
1a38374
Convert -11222023001 (base 4) to base 10.
-1483457
What is -11022800 (base 9) in base 3?
-101000202220000
-1001100101110110010 (base 2) to base 15
-631ca
Convert -1700431 (base 12) to base 4.
-102002121211
What is 211002212022020 (base 3) in base 9?
24085266
200112211012 (base 3) to base 7
3050300
-54343313 (base 7) to base 2
-10001101111001000110010
What is 332110313 (base 4) in base 5?
31132122
What is -45675 (base 14) in base 11?
-1057a0
What is 235688 (base 9) in base 4?
202222220
12111210130 (base 4) to base 6
55334444
-12023330 (base 4) to base 9
-37675
Convert -8a126b (base 14) to base 4.
-101321000333
What is 4004423 (base 6) in base 7?
1411035
-10011110110011000 (base 2) to base 11
-560a3
53642443 (base 7) to base 4
101132222011
Convert 33031333003 (base 4) to base 7.
45624013
Convert 12a377b (base 12) to base 9.
6854655
Convert -2919001 (base 10) to base 16.
-2c8a59
Convert 6a99b (base 12) to base 7.
1134143
1a92b9 (base 13) to base 6
22303010
Convert -90566 (base 12) to base 6.
-4003410
Convert -2334322 (base 7) to base 16.
-47e39
Convert -1000100111000100001100 (base 2) to base 10.
-2257164
Convert 2102422 (base 7) to base 14.
682b9
550761 (base 9) to base 3
121200212001
33810 (base 15) to base 12
7a973
Convert -120021200221 (base 3) to base 8.
-1113473
What is -424820 (base 11) in base 12?
-2894a0
Convert -4057a (base 11) to base 15.
-12856
Convert -158104 (base 12) to base 3.
-200121201111
1305232 (base 7) to base 4
221132302
What is -1720b5 (base 14) in base 11?
-5053a0
What is -1335225 (base 7) in base 12?
-865a9
Convert -1212222011101 (base 3) to base 7.
-11345563
4205 (base 9) to base 4
300023
What is 120328a (base 12) in base 4?
31103313022
What is 36631 (base 9) in base 13?
b251
Convert 1ad2c9c (base 14) to base 9.
27216125
Convert 121131030112 (base 4) to base 9.
13500777
9a8a46 (base 13) to base 2
1101111010010001101011
Convert -421543 (base 9) to base 11.
-16121a
1245114 (base 6) to base 7
403522
What is -d2ea (base 15) in base 2?
-1010111000000001
What is -101000110111001000001110 (base 2) in base 14?
-15cb8bc
135271 (base 10) to base 7
1102243
What is 4241544 (base 7) in base 14?
d5694
What is -334030434 (base 5) in base 2?
-101100111000100011000
-9acb62 (base 15) to base 2
-11100001010101010001100
2069682 (base 10) to base 3
10220011001220
Convert -10b048 (base 12) to base 6.
-5424132
155642 (base 10) to base 14
40a14
What is -248757 (base 13) in base 3?
-1122111011220
What is -2333011110 (base 4) in base 6?
-24435300
294851 (base 15) to base 16
1e5c77
What is -343075 (base 9) in base 15?
-40deb
3194b3 (base 12) to base 3
1110210202100
What is -11110100011100001010010 (base 2) in base 12?
-2823382
What is -11432033 (base 5) in base 4?
-122131221
Convert 30016 (base 13) to base 16.
14ec6
What is 221bbb (base 15) in base 8?
6147652
Convert 132343 (base 11) to base 6.
4243102
Convert -1003457 (base 11) to base 3.
-10100020100111
What is -671302 (base 8) in base 14?
-5c4dc
What is 26432002 (base 7) in base 4?
21100303003
What is -24313 (base 16) in base 4?
-210030103
What is 1000100111010011110 (base 2) in base 11?
18308a
What is 190374 (base 14) in base 2?
11010111111000100010
Convert -41240403 (base 5) to base 11.
-2101a4
What is -1405452 (base 6) in base 13?
-29c72
What is -120202010000 (base 3) in base 14?
-80d22
Convert -1543887 (base 10) to base 9.
-2812730
Convert 603bb (base 14) t